{"id":259,"date":"2016-07-29T12:11:55","date_gmt":"2016-07-29T10:11:55","guid":{"rendered":"https:\/\/www.soundsuitehotel.it\/pagina-di-esempio\/"},"modified":"2025-07-15T09:28:00","modified_gmt":"2025-07-15T07:28:00","slug":"pagina-di-esempio","status":"publish","type":"page","link":"https:\/\/www.hotelinternationalmisano.com\/fr\/","title":{"rendered":"Bienvenue \u00e0 l&rsquo;Hotel International"},"content":{"rendered":"<h3>Vos vacances sp\u00e9ciales berc\u00e9es par les vagues de la mer, avec le bleu de l&rsquo;horizon en arri\u00e8re-plan<\/h3>\n<p><em>Fermez les yeux et imaginez le doux bruit de la mer en arri\u00e8re-plan\u2026<\/em> \u00e0 <strong>l&rsquo;h\u00f4tel 3 \u00e9toiles International de Misano Adriatico<\/strong> vos vacances sont une <strong>v\u00e9ritable exp\u00e9rience sensorielle<\/strong>: chaque matin, l&rsquo;Adriatique vous donne un bon matin, l&rsquo;air bon et pur vous accompagne tout au long de la journ\u00e9e et la brise marine r\u00e9g\u00e9n\u00e8re votre esprit et votre corps.<\/p>\n<p>Ici <strong>vous \u00eates directement sur la plage<\/strong> de Misano Adriatico, dor\u00e9e et \u00e9quip\u00e9e, et vous profitez du panorama \u00e9vocateur \u00e0 180 degr\u00e9s sur toute la c\u00f4te.<br \/>\nLa <strong>cuisine<\/strong> est le v\u00e9ritable fleuron: fparmi les sp\u00e9cialit\u00e9s de poisson, les recettes de viande et les nouvelles cr\u00e9ations v\u00e9g\u00e9tariennes,<br \/>\nvous trouverez toujours votre plat pr\u00e9f\u00e9r\u00e9, <strong>pour un voyage sp\u00e9cial dans la tradition culinaire de la Romagne<\/strong>.<\/p>\n<h3>Michela et Christina reviennent \u00e0 l&rsquo;H\u00f4tel International!<\/h3>\n<p><em>Il est vrai que vous retournez toujours l\u00e0 o\u00f9 vous \u00e9tiez heureux:<\/em> apr\u00e8s des ann\u00e9es, Michela et Christina rentrent chez elles et apportent avec elles la <strong>chaleur de la Romagne<\/strong> et <strong>l&rsquo;amour de l&rsquo;hospitalit\u00e9.<\/strong>.<br \/>\nA l&rsquo;<strong>H\u00f4tel International 3 \u00e9toiles directement sur la mer<\/strong> vous vous sentez bien chez vous mais vous vous consacrez uniquement \u00e0 votre d\u00e9tente!<\/p>\n","protected":false},"excerpt":{"rendered":"<p>Vos vacances sp\u00e9ciales berc\u00e9es par les vagues de la mer, avec le bleu de l&rsquo;horizon en arri\u00e8re-plan Fermez les yeux et imaginez le doux bruit de la mer en arri\u00e8re-plan\u2026 \u00e0 l&rsquo;h\u00f4tel 3 \u00e9toiles International de Misano Adriatico vos vacances sont une v\u00e9ritable exp\u00e9rience sensorielle: chaque matin, l&rsquo;Adriatique vous donne un bon matin, l&rsquo;air bon et pur vous accompagne tout au long de la journ\u00e9e et la brise marine r\u00e9g\u00e9n\u00e8re &#8230;<\/p>\n","protected":false},"author":1,"featured_media":0,"parent":0,"menu_order":25,"comment_status":"closed","ping_status":"open","template":"","meta":{"_acf_changed":false},"class_list":["post-259","page","type-page","status-publish","hentry"],"acf":[],"_links":{"self":[{"href":"https:\/\/www.hotelinternationalmisano.com\/fr\/wp-json\/wp\/v2\/pages\/259","targetHints":{"allow":["GET"]}}],"collection":[{"href":"https:\/\/www.hotelinternationalmisano.com\/fr\/wp-json\/wp\/v2\/pages"}],"about":[{"href":"https:\/\/www.hotelinternationalmisano.com\/fr\/wp-json\/wp\/v2\/types\/page"}],"author":[{"embeddable":true,"href":"https:\/\/www.hotelinternationalmisano.com\/fr\/wp-json\/wp\/v2\/users\/1"}],"replies":[{"embeddable":true,"href":"https:\/\/www.hotelinternationalmisano.com\/fr\/wp-json\/wp\/v2\/comments?post=259"}],"version-history":[{"count":0,"href":"https:\/\/www.hotelinternationalmisano.com\/fr\/wp-json\/wp\/v2\/pages\/259\/revisions"}],"wp:attachment":[{"href":"https:\/\/www.hotelinternationalmisano.com\/fr\/wp-json\/wp\/v2\/media?parent=259"}],"curies":[{"name":"wp","href":"https:\/\/api.w.org\/{rel}","templated":true}]}}

Bienvenue à l&rsquo;Hotel International

<h3>Vos vacances spéciales bercées par les vagues de la mer, avec le bleu de l&rsquo;horizon en arrière-plan</h3>
<p><em>Fermez les yeux et imaginez le doux bruit de la mer en arrière-plan…</em> à <strong>l&rsquo;hôtel 3 étoiles International de Misano Adriatico</strong> vos vacances sont une <strong>véritable expérience sensorielle</strong>: chaque matin, l&rsquo;Adriatique vous donne un bon matin, l&rsquo;air bon et pur vous accompagne tout au long de la journée et la brise marine régénère votre esprit et votre corps.</p>
<p>Ici <strong>vous êtes directement sur la plage</strong> de Misano Adriatico, dorée et équipée, et vous profitez du panorama évocateur à 180 degrés sur toute la côte.<br />
La <strong>cuisine</strong> est le véritable fleuron: fparmi les spécialités de poisson, les recettes de viande et les nouvelles créations végétariennes,<br />
vous trouverez toujours votre plat préféré, <strong>pour un voyage spécial dans la tradition culinaire de la Romagne</strong>.</p>
<h3>Michela et Christina reviennent à l&rsquo;Hôtel International!</h3>
<p><em>Il est vrai que vous retournez toujours là où vous étiez heureux:</em> après des années, Michela et Christina rentrent chez elles et apportent avec elles la <strong>chaleur de la Romagne</strong> et <strong>l&rsquo;amour de l&rsquo;hospitalité.</strong>.<br />
A l&rsquo;<strong>Hôtel International 3 étoiles directement sur la mer</strong> vous vous sentez bien chez vous mais vous vous consacrez uniquement à votre détente!</p>

<p>Vos vacances spéciales bercées par les vagues de la mer, avec le bleu de l&rsquo;horizon en arrière-plan Fermez les yeux et imaginez le doux bruit de la mer en arrière-plan… à l&rsquo;hôtel 3 étoiles International de Misano Adriatico vos vacances sont une véritable expérience sensorielle: chaque matin, l&rsquo;Adriatique vous donne un bon matin, l&rsquo;air bon et pur vous accompagne tout au long de la journée et la brise marine régénère &#8230;</p>
